et m = 211 - 87. What is the hundreds digit of m?
1
Let p(l) be the second derivative of -l**5/20 + l**4/4 + l**3/2 - l**2 + 3*l. Let x = 8 - 5. What is the units digit of p(x)?
7
Suppose -3*p + 118 + 50 = 0. What is the tens digit of p?
5
Suppose 4*p - 28 = -5*y, 2*p + 2*y - 14 = 5*y. Suppose p*f - 116 = 3*f. What is the tens digit of f?
2
Suppose -3*c + 10 = 2*c. Suppose c*j = -3*j + 20. What is the units digit of j?
4
Let z be (6 - 9)*-1*1. Suppose -4*t + z*t = -10. What is the tens digit of t?
1
Let g(c) = c + 15. Let d(v) = v**3 - 7*v**2 - 7. Let s be d(7). Let n be g(s). Suppose 3*p - n = 2*p. What is the units digit of p?
8
Let x(c) = 3 - 2*c**2 - c**2 - 11*c**3 + 4*c + 10*c**3. Suppose 3*a - s = -16, 0 = 2*a - 4*s - 0*s + 24. What is the units digit of x(a)?
3
Suppose 0 = -9*x + 14*x - 105. Let c = 11 + x. What is the units digit of c?
2
Let w(t) = t**3 + t**2 + 2. Let a be w(0). Suppose -n = -a*n + 9. What is the units digit of n?
9
Let o(b) be the first derivative of b**3/6 + 3*b**2/2 + 3*b + 3. Let t(j) be the first derivative of o(j). What is the units digit of t(-2)?
1
Let w(t) be the third derivative of t**6/120 - t**5/60 + t**4/8 - t**3/2 - 3*t**2. What is the units digit of w(2)?
7
Let p = 5 + 7. What is the units digit of p?
2
Let x(i) = i**3 - 3*i**2 - 5*i + 2. Let u be x(4). Let p be 2/(u/(3 + 1)). What is the units digit of (3 - -9) + 2 + p?
0
Let q = -327 + 489. What is the units digit of q?
2
Let o be 5 - (2 + -4 - 0). Suppose o*n = 3*n + 152. What is the tens digit of n?
3
Let n(x) = -x**2 + 5*x - 5. Suppose 2*y + 0 = -3*o - 5, 0 = -5*y + 3*o + 40. Let v be n(y). Let h(q) = -q - 3. What is the units digit of h(v)?
2
Let f = -106 + 71. Let h = -21 - f. What is the tens digit of h?
1
Let z be ((0/3)/2)/1. Let m(y) = y - 13. Let j be m(10). What is the units digit of z/(j + 1) + 11?
1
Suppose -2*s - 8 = -3*s. Let h = 18 - s. What is the tens digit of h?
1
Suppose 5*o - 361 + 6 = 0. Suppose 3*z = -5*b + o, 2*z + 5*b - 54 = -5. What is the units digit of z?
2
Suppose 29 = 2*m + g, -3*g - 80 = -5*m + 2*g. Let p = -6 - -11. Suppose p*k = 55 + m. What is the tens digit of k?
1
Let l(m) be the third derivative of -1/4*m**4 + 0 + 1/120*m**6 - 7/60*m**5 + 0*m - 3/2*m**3 + m**2. What is the units digit of l(8)?
7
Suppose 0*y - 3*y = -6. Let j = y - -28. What is the tens digit of j?
3
Let w(u) = -4*u + 3*u + 2*u. Suppose 3*s - 7*s = -d - 24, 2*s - 12 = -5*d. What is the units digit of w(s)?
6
Let g = -11 - -21. What is the units digit of g?
0
Suppose 0 = 2*g - 4*d - 32 - 4, 0 = -g - 3*d + 18. Suppose 0 = -5*c + 4*t - 30, 0 = 3*t + 19 - 4. Let n = c + g. What is the units digit of n?
8
Let v be 11 + 0 - 2/2. Suppose -m - v = 4*m. What is the units digit of m*(-2 - (-3)/3)?
2
Let r(m) = -5*m - 4. Let s be r(-2). Suppose 6*i - 3*i - s = 0. What is the units digit of i?
2
Suppose 3*z = -1 - 5. What is the units digit of (16/20)/(z/(-5))?
2
Suppose -5*s = 4*n - 55, -3*n + s + 23 = -4. Let h = n - -4. What is the units digit of h?
4
Suppose 0 = -2*w + 84 + 114. What is the units digit of w?
9
Suppose -k - 4*w = w + 33, -11 = 2*k - w. Let f(z) = z**2 + 9*z + 9. Let s be f(k). What is the units digit of 1 + -2 - -3*s?
2
Let c(m) = -7*m - 5. Let i be c(-2). Suppose -10 = -x + t, 3*x = t + i + 23. What is the tens digit of x?
1
Suppose -2*r = -3*r - 5*t + 166, 0 = -r - 4*t + 166. What is the units digit of r?
6
Suppose -3*m = -q + 4*q - 9, 4*m - 6 = -3*q. Suppose 15 = 5*u, 9 = 4*o + u - q*u. What is the units digit of o?
6
Suppose 49 + 107 = -4*s. Let n = s - -67. What is the tens digit of n?
2
Suppose 5*z - 10 - 20 = 0. Let q(y) = 3 - z*y + 0 + y**2 + 4*y. What is the units digit of q(3)?
6
Let c(j) = 5*j**2 - 1. Let u(g) = 4*g**2 - 2. Let s(m) = -2*c(m) + 3*u(m). Let w be s(3). Suppose 0 = 4*k - w - 26. What is the units digit of k?
0
Let b(j) = j**3 - 4*j**2 - 28*j - 21. What is the hundreds digit of b(10)?
2
Let w = 7 - 5. Let d be (w + -5)*10/(-6). Suppose b = d*b - 32. What is the units digit of b?
8
Suppose -4*t + 136 = -84. What is the tens digit of t?
5
Let h = 7 + -3. Suppose 4*r - 2 = s - 0, 4 = -h*r + 4*s. What is the units digit of r?
1
Suppose 0 = -4*m + 14 + 6. What is the units digit of m?
5
Let s(n) = n**3 + 5*n**2 + 4*n + 5. Let t be s(-4). Suppose p - t = -0*p. Suppose -p*h = -18 - 42. What is the units digit of h?
2
Suppose -6*s + 13 = -5. Suppose -a + s*a = 38. What is the tens digit of a?
1
Let k(j) = -4*j**2 - 11*j + 3. Let b(x) = -6*x**2 - 17*x + 5. Let h(n) = 5*b(n) - 8*k(n). What is the units digit of h(-5)?
6
Let g = -143 - -203. What is the tens digit of g?
6
Suppose 5*n + 105 = 8*n. What is the units digit of n?
5
Let j(o) = -o**3 + 4*o**2 + 7*o - 5. Let l be j(5). What is the units digit of (24/15 + 0)*l?
8
Let f(h) = -h - 8. Let i be f(-10). Suppose -i = -0*k + k, -4*k - 27 = -u. What is the tens digit of u?
1
Let o(q) = 4*q**2 + 1. Suppose 5*v + 6 = 1. What is the units digit of o(v)?
5
Suppose -1061 = -5*v - 2*c, c - 269 = -5*v + 789. What is the units digit of v?
1
What is the units digit of 5/(-10) + 302/4 + 3?
8
Let w be 2 - -32 - (-2 + 3). Let j = -19 + w. What is the units digit of j?
4
Let o(m) = -17*m - 49. What is the tens digit of o(-4)?
1
Let t be (-27)/5 + (-3)/5. Let u(n) = -n + 3*n + 2*n**2 + 7*n. What is the units digit of u(t)?
8
Suppose 5*w + 3*c - 31 = 0, 6*w = 2*w + 5*c + 10. Suppose -q - 3 = 1, w*d - 3*q - 142 = 0. What is the tens digit of d?
2
Let r be (-1)/((-18)/(-21) - 1). Suppose 0 = 4*v + 3*x - r, v + 3*x - 5 = -x. What is the units digit of 7 + 2/(v*-2)?
6
Suppose -5*h + 25 = 0, -2*g + 3*h - 13 = -0*h. Let f = g + 2. What is the units digit of f?
3
Suppose 4*w = -2*j - 6, -j + 2*j + 3 = -4*w. Suppose 0 = o + v + 2, -o + 2*v + 8 = v. What is the units digit of j/(o + 51/(-16))?
6
Let j(c) = -c**2 - 13*c + 9. Let d be j(-8). Let i = d + -9. What is the tens digit of i?
4
Suppose -k + 21 = -2*z, 0*k + k + 4*z - 33 = 0. Suppose 4*b + h = -3*h + 36, 0 = b + 5*h - k. Suppose -b*o + 24 = -2*o. What is the units digit of o?
8
Let f(a) = -a. Let b be f(2). What is the tens digit of (-7 - b)/((-1)/4)?
2
Suppose -x + 78 - 14 = 0. What is the tens digit of x?
6
Suppose 2*z - 2*i - 196 = 0, i - 202 = -4*z + 2*z. What is the units digit of z?
0
Let h = 248 - 4. What is the units digit of h?
4
Suppose 4*i - 9*i = -15. What is the units digit of i?
3
Let n(j) be the second derivative of j**3/3 - j**2 + j. Suppose 2*r + 0*q - 9 = q, -13 = -2*r - 3*q. What is the units digit of n(r)?
8
Let g = -1 + 4. Let b(m) = m + m**g - 7 + 0*m**2 - 3*m**2 + m**3 + 5. What is the units digit of b(2)?
4
Let b(g) = -1 + 0*g**2 - 4*g**3 - 1 - 2*g + 7*g**2 + 3*g**3. What is the tens digit of b(6)?
2
Suppose 4*x = -0*x + 12. Let y = 5 - x. Suppose -17 = -y*t - 7. What is the units digit of t?
5
Let c = 70 - 3. What is the tens digit of c?
6
Let f(w) = -w**3 + 3*w**2 + 6*w - 3. Let m be f(4). Suppose -2*x + 14 = -2*q, 14 = m*x - 3*x + 3*q. What is the units digit of x?
7
Suppose 0 = 3*a + 2*a, -2*a + 8 = -4*z. What is the units digit of (-33)/(-2 - 1) + z?
9
Let r(l) = 37*l - 4. Let n be r(2). Let q = n + -28. What is the units digit of q?
2
Let g(j) = -j**3 - 4*j**2 + 3. Let r be g(-4). Suppose 0 = -2*q + 3*q - 1. What is the units digit of (1 - 2) + r + q?
3
Let y(d) = -d**3 - 16*d**2 - 17*d - 21. Let q be y(-15). Suppose 4 = f - q. What is the tens digit of f?
1
Let m = 5 + 33. What is the tens digit of m?
3
Let i(y) = 5*y - 6. What is the tens digit of i(11)?
4
Let p(n) = -2*n + 9. Let g be p(9). Let i(c) = 11*c**2 + 25*c - 17. Let l(y) = 5*y**2 + 12*y - 8. Let a(r) = -4*i(r) + 9*l(r). What is the units digit of a(g)?
5
Let h be ((-7)/(-2) + -2)*4. What is the units digit of (h/2 + -1)*6?
2
Suppose 0 = a - b - 18 + 48, 5*a + 138 = -b. What is the units digit of (-43)/(-7) + 4/a?
6
Suppose 5*d = 0, d + 36 = 4*t + 4*d. What is the units digit of 3/t - (-23)/3?
8
Let l = -5 - -11. Let p = l + -8. What is the units digit of 1/(34/(-18) - p)?
9
Let v(i) = 1 + 6*i - 5*i + 11. Let t be v(-6). Suppose t = 3*r, -l + 8 = 5*r - 17. What is the tens digit of l?
1
Let y = -18 + 235. What is the units digit of y?
7
Let r = -3 - -6. Let i(f) = -2*f**2 - f**3 + 8*f**2 + 4 - 2*f - r*f. What is the units digit of i(5)?
4
Suppose 3